371?
197371
What are the prime factors of 928215?
3, 5, 20627
List the prime factors of 12037532.
2, 13, 17807
List the prime factors of 5567878.
2, 2783939
List the prime factors of 8060327.
11, 23, 31859
List the prime factors of 37238670.
2, 3, 5, 7, 17, 19, 61
List the prime factors of 1034205.
3, 5, 68947
List the prime factors of 381707.
381707
What are the prime factors of 19212745?
5, 3842549
What are the prime factors of 1016987?
683, 1489
List the prime factors of 15753616.
2, 61, 16141
What are the prime factors of 14730148?
2, 3682537
What are the prime factors of 4357502?
2, 2178751
What are the prime factors of 141818?
2, 23, 3083
List the prime factors of 9816033.
3, 3272011
List the prime factors of 70695.
3, 5, 1571
What are the prime factors of 253098?
2, 3, 43, 109
What are the prime factors of 445993?
23, 19391
List the prime factors of 6517656.
2, 3, 90523
What are the prime factors of 24207764?
2, 7, 113, 1093
List the prime factors of 30863765.
5, 6172753
What are the prime factors of 15885509?
2729, 5821
What are the prime factors of 9351187?
9351187
What are the prime factors of 1168944?
2, 3, 7, 71
What are the prime factors of 25532999?
25532999
What are the prime factors of 477132?
2, 3, 39761
List the prime factors of 19493893.
19493893
What are the prime factors of 15387517?
15387517
What are the prime factors of 187039?
359, 521
What are the prime factors of 334240?
2, 5, 2089
List the prime factors of 30376045.
5, 7, 867887
List the prime factors of 18871916.
2, 7, 89, 7573
What are the prime factors of 1123656?
2, 3, 46819
What are the prime factors of 1344583?
1344583
What are the prime factors of 256104?
2, 3, 3557
What are the prime factors of 10354094?
2, 23, 225089
What are the prime factors of 13141732?
2, 3285433
List the prime factors of 3027504.
2, 3, 63073
What are the prime factors of 2462352?
2, 3, 43, 1193
List the prime factors of 5150694.
2, 3, 17, 50497
List the prime factors of 17762.
2, 83, 107
What are the prime factors of 1241228?
2, 61, 5087
What are the prime factors of 4152343?
13, 319411
What are the prime factors of 2763871?
11, 251261
What are the prime factors of 2839715?
5, 567943
List the prime factors of 764000.
2, 5, 191
What are the prime factors of 1577516?
2, 41, 9619
List the prime factors of 3841281.
3, 53, 8053
List the prime factors of 8008307.
367, 21821
What are the prime factors of 1411424?
2, 7, 6301
What are the prime factors of 976087?
7, 19, 41, 179
List the prime factors of 17106638.
2, 1367, 6257
What are the prime factors of 8922254?
2, 11, 37, 97, 113
List the prime factors of 2687.
2687
List the prime factors of 339944.
2, 11, 3863
What are the prime factors of 13156835?
5, 19, 138493
List the prime factors of 2576258.
2, 47, 27407
List the prime factors of 1162799.
11, 37, 2857
What are the prime factors of 372956?
2, 93239
List the prime factors of 1531526.
2, 765763
List the prime factors of 4816294.
2, 7, 344021
List the prime factors of 10607921.
31, 342191
What are the prime factors of 1249?
1249
What are the prime factors of 326023?
326023
List the prime factors of 2177664.
2, 3, 53, 107
List the prime factors of 16662853.
3371, 4943
What are the prime factors of 1459401?
3, 109, 4463
What are the prime factors of 8555752?
2, 31, 34499
What are the prime factors of 20056236?
2, 3, 173, 9661
List the prime factors of 260225.
5, 7, 1487
List the prime factors of 1146335.
5, 229267
What are the prime factors of 463118?
2, 231559
What are the prime factors of 220459?
449, 491
What are the prime factors of 23577717?
3, 43, 182773
What are the prime factors of 630955?
5, 13, 17, 571
What are the prime factors of 2484994?
2, 37, 33581
List the prime factors of 587272.
2, 7, 10487
List the prime factors of 4114793.
887, 4639
What are the prime factors of 3536394?
2, 3, 19, 67, 463
List the prime factors of 13439442.
2, 3, 431, 5197
List the prime factors of 3236511.
3, 17, 3733
List the prime factors of 1391410.
2, 5, 61, 2281
List the prime factors of 4998007.
7, 19, 37579
List the prime factors of 2514067.
271, 9277
List the prime factors of 2047425.
3, 5, 27299
What are the prime factors of 864584?
2, 7, 15439
List the prime factors of 10057845.
3, 5, 7, 95789
What are the prime factors of 12507181?
12507181
What are the prime factors of 121582?
2, 31, 37, 53
List the prime factors of 1077266.
2, 101, 5333
List the prime factors of 3681.
3, 409
List the prime factors of 1294733.
11, 117703
What are the prime factors of 2703553?
37, 89, 821
List the prime factors of 3388840.
2, 5, 7, 13, 19
What are the prime factors of 613540?
2, 5, 30677
What are the prime factors of 1701696?
2, 3, 8863
List the prime factors of 23182496.
2, 724453
What are the prime factors of 1577633?
131, 12043
What are the prime factors of 10736709?
3, 3578903
What are the prime factors of 135931?
181, 751
What are the prime factors of 5409436?
2, 1352359
List the prime factors of 1587366.
2, 3, 11, 8017
List the prime factors of 8295188.
2, 11, 188527
List the prime factors of 1244354.
2, 622177
What are the prime factors of 199278?
2, 3, 11071
What are the prime factors of 147209?
147209
What are the prime factors of 100918?
2, 50459
What are the prime factors of 15019738?
2, 17, 29, 15233
What are the prime factors of 271680?
2, 3, 5, 283
List the prime factors of 333749.
13, 25673
What are the prime factors of 393127?
7, 71, 113
What are the prime factors of 2363543?
7, 13, 19, 1367
List the prime factors of 672375.
3, 5, 11, 163
What are the prime factors of 231047?
17, 13591
List the prime factors of 1474920.
2, 3, 5, 17, 241
What are the prime factors of 325285?
5, 67, 971
What are the prime factors of 6263993?
6263993
List the prime factors of 70464.
2, 3, 367
What are the prime factors of 1380455?
5, 276091
List the prime factors of 199690.
2, 5, 19, 1051
List the prime factors of 1342948.
2, 67, 5011
List the prime factors of 10951969.
7, 349, 4483
List the prime factors of 4044695.
5, 53, 15263
List the prime factors of 205837.
205837
List the prime factors of 123217.
123217
What are the prime factors of 283762?
2, 53, 2677
List the prime factors of 917511.
3, 7, 43691
What are the prime factors of 19916916?
2, 3, 109, 15227
What are the prime factors of 223308?
2, 3, 6203
List the prime factors of 257588.
2, 71, 907
List the prime factors of 1415463.
3, 7, 9629
What are the prime factors of 1555929?
3, 19, 337
List the prime factors of 3939903.
3, 11, 17, 2341
What are the prime factors of 166317?
3, 55439
List the prime factors of 1682472.
2, 3, 11, 6373
List the prime factors of 684708.
2, 3, 57059
List the prime factors of 170643.
3, 11, 5171
List the prime factors of 280597.
280597
What are the prime factors of 154896?
2, 3, 7, 461
What are the prime factors of 368279?
368279
List the prime factors of 18862.
2, 9431
What are the prime factors of 1133261?
1133261
What are the prime factors of 196939?
29, 6791
List the prime factors of 79587.
3, 37, 239
What are the prime factors of 740389?
13, 337
What are the prime factors of 3358830?
2, 3, 5, 103, 1087
List the prime factors of 1888364.
2, 29, 73, 223
What are the prime factors of 18271784?
2, 37, 61729
What are the prime factors of 4123324?
2, 1030831
What are the prime factors of 104134?
2, 52067
List the prime factors of 341173.
7, 17, 47, 61
List the prime factors of 5590030.
2, 5, 433, 1291
What are the prime factors of 884868?
2, 3, 19, 3881
What are the prime factors of 4621653?
3, 53, 9689
List the prime factors of 5738021.
1597, 3593
What are the prime factors of 1672055?
5, 7, 11, 43, 101
List the prime factors of 422824.
2, 17, 3109
List the prime factors of 1197426.
2, 3, 23, 8677
List the prime factors of 7708285.
5, 13, 118589
List the prime factors of 122654.
2, 7, 8761
List the prime factors of 14242791.
3, 4747597
What are the prime factors of 1488471?
3, 167, 2971
List the prime factors of 300580.
2, 5, 7, 19, 113
List the prime factors of 11982862.
2, 23, 331, 787
What are the prime factors of 1337656?
2, 271, 617
List the prime factors of 20210036.
2, 7, 11, 65617
List the prime factors of 217663.
307, 709
List the prime factors of 271924.
2, 157, 433
What are the prime factors of 369915?
3, 5, 7,